 499*x**2 + 6670*x - 11664. Calculate v(11).
-4
Let g(f) = -30043*f - 120166. What is g(-4)?
6
Let a(q) = 397*q**2 - 298*q + 596. Give a(2).
1588
Let m(v) = 1502*v - 15001. Determine m(10).
19
Let u(z) = 185*z + 4809. What is u(-27)?
-186
Let c(i) = i**2 + 3894*i + 11657. What is c(-3)?
-16
Let s(y) = -648*y**2 + 1316*y + 24. What is s(2)?
64
Let x(g) = -15*g + 2539. Give x(179).
-146
Let r(a) = -4*a**2 - 898*a - 23053. What is r(-195)?
-43
Let u(b) = b**3 - 1097*b + 272. Give u(33).
8
Let n(r) = -3*r**3 - 120*r**2 + 793*r + 88. Give n(6).
-122
Let d(b) = -216*b - 53509. Calculate d(-248).
59
Let g(l) = -4789*l - 172366. Determine g(-36).
38
Let c(h) = -317*h**2 - 1888*h + 30. What is c(-6)?
-54
Let h(k) = 7*k**2 - 926*k - 4793. What is h(-5)?
12
Let k(c) = -347*c**2 - 3848*c - 45. Determine k(-11).
296
Let p(w) = 2*w**2 - 500*w + 2944. What is p(6)?
16
Let a(t) = 23*t**2 - 581*t + 699. Determine a(25).
549
Let m(x) = -559*x - 7233. Determine m(-14).
593
Let h(q) = q**3 + 677*q + 6254. Determine h(-9).
-568
Let k(z) = -3*z**2 - 1557*z - 107551. Calculate k(-82).
-49
Let s(b) = b**3 + 140*b**2 - 3504*b + 15770. Determine s(6).
2
Let n(p) = 4*p**3 + 218*p**2 + 2335*p + 419. Calculate n(-40).
-181
Let y(w) = -5*w - 3438. Give y(-194).
-2468
Let u(y) = -4*y**2 + 93*y + 92. Determine u(-17).
-2645
Let t(u) = -13*u**3 - 1262*u**2 - 95*u + 296. What is t(-97)?
102
Let x(h) = 55*h**2 - 10110*h - 1798. Determine x(184).
42
Let f(w) = -316*w**2 + 1272*w - 73. Give f(4).
-41
Let d(m) = 293*m**2 - 40*m - 268. Give d(-1).
65
Let k(g) = -5*g**3 + g**2 - 99*g - 511. Determine k(-4).
221
Let s(x) = -264*x**2 - 57019*x + 1076. Give s(-216).
-4
Let b(k) = 55*k**2 - 1140*k + 1814. Calculate b(19).
9
Let g(q) = -q**3 - 753*q**2 + 3033*q + 3772. Give g(-757).
-13
Let q(x) = -x**3 + 173*x**2 - 232*x + 40130. Determine q(173).
-6
Let c(q) = -q**3 + 26*q**2 + 467*q - 1204. Determine c(37).
1016
Let w(f) = 2514*f - 40241. Give w(16).
-17
Let m(x) = 3*x**3 - 104*x**2 + 34*x - 52. Calculate m(35).
2363
Let l(h) = -h**3 + 192*h**2 + 779*h + 860. What is l(196)?
-120
Let l(m) = -m**2 - 71*m + 2198. Determine l(-97).
-324
Let j(f) = 2*f**2 + 48*f - 250. Give j(-31).
184
Let q(g) = 152856*g + 764273. What is q(-5)?
-7
Let t(w) = -w**3 - 65*w**2 + 256*w + 8059. Calculate t(-10).
-1
Let y(k) = -k**3 + 219*k**2 - 10109*k + 913. Calculate y(153).
-770
Let a(g) = -9804*g - 794152. What is a(-81)?
-28
Let g(z) = z**3 - 21*z**2 + 1727*z - 51014. Give g(27).
-11
Let t(n) = 885*n - 47798. Determine t(54).
-8
Let j(c) = 3891*c - 136028. What is j(35)?
157
Let w(y) = 8261*y - 32420. What is w(4)?
624
Let y(v) = -2*v**3 - 191*v**2 + 1657*v + 11530. What is y(-103)?
-6
Let n(o) = 1347*o - 251979. Determine n(187).
-90
Let n(a) = -a**2 + 2*a + 305. Calculate n(33).
-718
Let w(u) = u**3 - 165*u**2 + 1541*u + 371. Give w(155).
-1024
Let d(y) = y**3 - 905*y**2 + 9881*y - 42006. What is d(894)?
12
Let p(w) = -8545*w - 1333008. Give p(-156).
12
Let j(b) = -b**3 + 15*b**2 + 6081*b - 102561. Determine j(17).
238
Let h(p) = 526*p + 94251. What is h(-179)?
97
Let v(g) = g**3 + 349*g**2 + 1369*g - 3978. Give v(-345).
-183
Let l(r) = -21*r**2 + 306*r + 7. Calculate l(0).
7
Let q(z) = 2*z**3 - 929*z**2 - 2340*z + 2340. Give q(467).
5
Let x(j) = -20908*j - 62713. What is x(-3)?
11
Let o(l) = 34*l**2 + 8066*l + 25734. Determine o(-234).
-6
Let a(k) = -2*k**3 + 40*k**2 + 479*k + 262. What is a(-8)?
14
Let f(o) = -5*o**3 + 5729*o**2 - 33050*o - 11401. What is f(1140)?
-1
Let i(j) = -169*j + 7220. Give i(44).
-216
Let c(u) = u**3 - 51*u**2 - 738*u + 37463. Calculate c(51).
-175
Let o(j) = -19911*j - 119110. Calculate o(-6).
356
Let l(r) = 207273*r + 13058203. What is l(-63)?
4
Let q(k) = k**3 + 47*k**2 + 130*k + 121. What is q(-44)?
209
Let a(d) = 1393*d**2 + 2816*d + 10. What is a(-2)?
-50
Let d(l) = -l**3 - 19*l**2 + 2257*l + 40957. Calculate d(-18).
7
Let b(z) = 225219*z + 23197547. Determine b(-103).
-10
Let y(w) = -w**3 - 797*w**2 + 8874*w + 56. Give y(11).
-98
Let b(h) = -h**2 + 116*h - 1661. What is b(115)?
-1546
Let d(p) = 5*p**2 - 1263*p - 2841. Calculate d(255).
219
Let q(v) = -v**2 + 1297*v - 14113. Give q(11).
33
Let y(w) = -w**3 - 5*w**2 - 82*w - 454. What is y(-7)?
218
Let w(o) = 4*o**3 - 251*o**2 - 40*o + 700. What is w(63)?
2149
Let l(y) = -236*y**3 + 16*y**2 - 12*y - 4. Determine l(1).
-236
Let m(i) = i**2 + 18*i + 356. What is m(3)?
419
Let g(a) = -899*a + 13806. Calculate g(15).
321
Let l(x) = 2392*x - 2734059. What is l(1143)?
-3
Let d(m) = -1035*m**2 + 16573*m - 7. Determine d(16).
201
Let i(p) = -22*p**2 - 572*p + 23225. Determine i(-48).
-7
Let q(z) = -1231*z + 279467. What is q(227)?
30
Let w(c) = -c**3 + 5*c**2 - 2687*c + 16162. Give w(6).
4
Let q(a) = a**3 + 11*a**2 + 94*a + 536. What is q(-8)?
-24
Let h(g) = 22155*g + 465582. Determine h(-21).
327
Let n(h) = 2554*h - 743219. Give n(291).
-5
Let h(q) = -q**2 + 888*q - 4291. Give h(5).
124
Let g(i) = 20691*i - 8959178. Determine g(433).
25
Let z(c) = 6*c**2 + 101*c + 246. Determine z(-3).
-3
Let f(j) = j**3 + 81*j**2 + 1646*j + 125191. Calculate f(-80).
-89
Let d(p) = -194*p**2 + 1570*p - 134. Give d(8).
10
Let g(k) = 5*k**3 - 32*k**2 + 377*k - 60. What is g(7)?
2726
Let p(u) = -3*u**2 - 827*u + 213. Determine p(-276).
-63
Let l(p) = -2*p**3 - 157*p**2 + 74*p - 1741. Calculate l(-79).
-1346
Let u(f) = 13842*f + 1924100. Give u(-139).
62
Let i(o) = 851960*o + 3407840. Determine i(-4).
0
Let t(m) = -4*m**2 + 67896*m + 543254. Give t(-8).
-170
Let s(v) = 2*v**2 - 510341*v - 4593226. Calculate s(-9).
5
Let z(a) = a**2 + 113*a - 2159. Give z(-129).
-95
Let d(j) = -473*j - 74699. Calculate d(-164).
2873
Let c(x) = -2*x**3 + 4*x**2 - 563*x + 380. Calculate c(0).
380
Let h(r) = -33260*r - 266086. Calculate h(-8).
-6
Let y(d) = 2*d**3 + 42*d**2 - 83*d - 1144. Determine y(6).
302
Let v(n) = -4334*n - 2236421. What is v(-516)?
-77
Let t(r) = -17*r**2 - 165*r + 192. Give t(1).
10
Let i(u) = -15*u**2 - 12695*u - 235802. What is i(-19)?
-12
Let h(x) = -x**2 + 330*x + 20558. What is h(-60)?
-2842
Let i(n) = 5*n**2 - 245*n + 3029. Give i(13).
689
Let g(k) = 23*k**3 - 5*k**2 + 498*k + 2013. What is g(-4)?
-1531
Let y(b) = b**2 + 26*b + 544. What is y(-17)?
391
Let p(u) = -5264*u**2 - 294*u + 296. Calculate p(1).
-5262
Let x(p) = p**2 + 118990*p - 1904092. Determine x(16).
4
Let r(f) = -86611*f + 346191. What is r(4)?
-253
Let g(q) = -810*q**2 - 4885*q - 153. Give g(-6).
-3
Let w(z) = -z**3 + 63*z**2 + 109*z - 6794. Calculate w(63).
73
Let s(t) = -94794*t + 12986781. What is s(137)?
3
Let a(z) = -z**2 - 829*z - 51028. Determine a(-67).
26
Let n(q) = q**2 - 73*q - 3237. Give n(102).
-279
Let d(n) = -467*n - 1605. Determine d(1).
-2072
Let j(a) = 141*a + 7059. Calculate j(-52).
-273
Let t(q) = -q**2 + 426*q - 39946. What is t(273)?
1823
Let t(k) = 886*k**2 + 14341*k + 2625. Give t(-16).
-15
Let x(c) = 131*c**2 + 756*c - 867. Calculate x(1).
20
Let t(r) = 2645*r - 108430. Determine t(41).
15
Let y(o) = 401178*o + 401198. Determine y(-1).
20
Let l(y) = 2*y**3 - 32*y**2 + 309*y - 4035. What is l(14)?
-493
Let g(c) = -21247*c - 169976. Give g(-8).
0
Let n(a) = -339*a + 4370. Calculate n(13).
-37
Let r(l) = -102*l - 16576. Determine r(-162).
-52
Let s(l) = 39*l**3 - 17*l**2 - 31*l - 15. Determine s(-3).
-1128
Let a(c) = 1262*c + 136322. Determine a(-108).
26
Let r(u) = -28*u**2 + 139913*u + 139915. Calculate r(-1).
-26
Let s(k) = -3*k**3 - 629*k**2 - 468*k - 10686. What is s(-209)?
-236
Let q(b) = -1958*b - 48121. Determine q(-24).
-1129
Let j(g) = g**3 - 33*g**2 + 174*g - 1660. Give j(29).
22
Let z(l) = -5*l**2 - 67*l + 394. Determine z(-17).
88
Let g(t) = 220*t - 10995. What is g(50)?
5
Let w(v) = v**3 + 99*v**2 - 413*v - 106. Determine w(-103).
-3
Let q(s) = -3*s**3 + 49*s**2 - 193*s + 3. What is q(6)?
-39
Let a(k) = 8897*k + 62289. Calculate a(-7).
10
Let o(a) = 2*a**3 - 31*a**2 + 492*a + 56. Determine o(13).
5607
Let x(w) = w**3 - 299*w**2 - 4045*w - 3671. Calculate x(312).
-239
Let z(k) = k**3 + 10*k**2 - 53*k - 10. Give z(5).
100
Let t(d) = 4595*d - 211451. Give t(46).
-81
Let s(r) = -26*r**2 + 131*r - 21. Determine s(2).
137
Let h(a) = -391*a - 13659. What is h(-35)?
26
Let j(i) = 934*i + 7638. Give j(-7).
1100
Let o(n) = n**2 - 155*n + 6584